{"id":95,"date":"2011-11-21T20:31:12","date_gmt":"2011-11-21T19:31:12","guid":{"rendered":"http:\/\/www.bernik.ch\/wordpress\/?page_id=95"},"modified":"2024-02-19T19:00:29","modified_gmt":"2024-02-19T18:00:29","slug":"disclaimer","status":"publish","type":"page","link":"https:\/\/bernik.ch\/wordpress\/kontakt\/disclaimer\/","title":{"rendered":"impressum"},"content":{"rendered":"<p>Text Gedichte Musik Improvisation<br \/>\nbernik.ch, freieimprovisation.ch, textgedichte.ch<\/p>\n<p>lechz und rinx ezzetera P\u00e9P\u00e9<\/p>\n<p>Mit der Nutzung &#8211; infolge Nennung als &#8222;Benutzer&#8220; und &#8222;Benutzerin&#8220; &#8211; dieser Webseite erkl\u00e4ren Sie sich mit den nachfolgenden Bedingungen einverstanden.<br \/>\nIm folgenden Text wird &#8222;Text: Gesichte | Musik: Improvisation \/ textgedichte | freie impro | spontane komposition&#8220; ausschliesslich in der Bezeichnung des &#8222;Betreibers&#8220; oder &#8222;Urhebers&#8220; aufgef\u00fchrt.<br \/>\nDiese Information und die durchgef\u00fchrten technischen und personellen Massnahmen entsprechen dem DSG (https:\/\/www.fedlex.admin.ch\/eli\/cc\/2022\/491\/de) nach bestem Wissen und Gewissen.<br \/>\nSiehe auch <a href=\"https:\/\/www.bernik.ch\/wordpress\/cookie-richtlinie-eu\/\" rel=\"noopener\" target=\"_blank\">EUCH Cookies<\/a><\/p>\n<p>Datenschutzerkl\u00e4rung<br \/>\nDie Datenschutzerkl\u00e4rung gilt f\u00fcr alle Webseiten des Betreibers. F\u00fcr ihm fremde Internetseiten, zu welchen von den Webseiten ein Link besteht, gew\u00e4hrt er nicht die Einhaltung der Datenschutzbestimmungen.<br \/>\nWenn Besucher bei eingeschalteter Funktion Kommentare auf der Website schreiben, sammelt der Betreiber die Daten, die im Kommentar-Formular angezeigt werden, ausserdem die IP-Adresse des Besuchers und den User-Agent-String &#8211; damit wird der Browser identifiziert &#8211; um die Erkennung und Vermeidung von Spam zu unterst\u00fctzen.<br \/>\nFalls der Abonnenten-Dienst mit einer Anmeldung der Benutzerin oder des Benutzers in Zukunft freigeschaltet w\u00fcrde, k\u00f6nnte aus der E-Mail-Adresse eine anonymisierte Zeichenfolge erstellt (Hash) und dem Gravatar-Dienst \u00fcbergeben werden, um zu pr\u00fcfen, ob dieser benutzt wird. Die Datenschutzerkl\u00e4rung des Gravatar-Dienstes findet der Benutzer und die Benutzerin hier: <a href=\"https:\/\/automattic.com\/privacy\/\" target=\"_blank\" rel=\"noopener noreferrer\">https:\/\/automattic.com\/privacy\/<\/a>. Nachdem der Kommentar freigegeben wurde, ist das Profilbild \u00f6ffentlich im Kontext des Kommentars sichtbar.<br \/>\nF\u00fcr Benutzer, die sich auf der Website registrieren, speichert der Betreiber zus\u00e4tzlich die pers\u00f6nlichen Informationen, die Sie in Ihren Benutzerprofilen angeben. Alle Benutzer k\u00f6nnen jederzeit ihre pers\u00f6nlichen Informationen einsehen, ver\u00e4ndern oder l\u00f6schen &#8211; der Benutzername kann aber nicht ver\u00e4ndert werden. Der Betreiber und Benutzer sowie Bernutzerinnen mit Administratorenrechten k\u00f6nnen diese Informationen ebenfalls einsehen und ver\u00e4ndern.<br \/>\nWenn bei eingeschaltetem Abo-Dienst ein registrierter Benutzer Fotos auf diese Website l\u00e4dt, sollte vermieden werden, Fotos mit einem EXIF-GPS-Standort hochzuladen. Besucher dieser Website k\u00f6nnten Fotos, die auf dieser Website gespeichert sind, herunterladen und deren Standort-Informationen extrahieren.<br \/>\nDie Angaben des Namens, des \u00dcbernamens, der Email und des Kommentars bei erfolgter \u00dcbermittlung mittels Kontaktformular bleiben auf unbestimmte Zeit auf der Seite gespeichert und werden Bestandteil der kommentierten Seite.<br \/>\nDie IP-Adresse bei aktiviertem Login der Benutzer und Benrutzerinnen mit login-Versuchen wird mit der IP und der Benutzer ID in ein Log geschrieben, um hostile Aktivit\u00e4ten zu erkennen. Diese Information wird f\u00fcr 180 Tage zur\u00fcckgehalten.<br \/>\nDiese Site wird von Sucuri&#8217;s Check gescannt. Dabei werden keine pers\u00f6nlichen Daten an Sucuri gesandt, obwohl Daten von Posts und Kommentaren von Sucuri gelesen werden k\u00f6nnen &#8211; <a href=\"https:\/\/sucuri.net\/privacy\">Sucuri&#8217;s privacy policy<\/a>.<br \/>\nSicherheitslogs werden 14 Tage lang gespeichert oder bei einer Abmeldung eines Benutzers bei aktivierter Login-Funktion. F\u00fcr weitere informationen siehe <a href=\"https:\/\/ithemes.com\/privacy-policy\">iThemes Privacy Policy<\/a>.<\/p>\n<p>Cookies<br \/>\nDiese Website verwendet Cookies. Cookies sind kleine Textdateien, die beim Besuch dieser Website in Ihrem Computer dauerhaft oder tempor\u00e4r gespeichert werden. Zweck der Cookies ist insbesondere die Analyse der Nutzung dieser Website zur statistischen Auswertung sowie f\u00fcr kontinuierliche Verbesserungen.<br \/>\nIm Browser kann der Benutzer oder die Benutzerin Cookies in den Einstellungen jederzeit ganz oder teilweise deaktivieren. Bei deaktivierten Cookies stehen ihnen allenfalls nicht mehr alle Funktionen dieser Website zur Verf\u00fcgung.<br \/>\nWenn bei aktiviertem Abo-Dienst ein Kommentar auf der Website des Betreibers geschrieben wird, kann das eine Einwilligung sein, den Namen, E-Mail-Adresse und Website in Cookies zu speichern. Dies ist eine Komfortfunktion, damit bei einem weiteren Kommentar all diese Daten erneut eingeben werden m\u00fcssen. Diese Cookies werden ein Jahr lang gespeichert.<br \/>\nFalls ein Konto besteht, wird der Betreiber bei der Anmeldung ein tempor\u00e4res Cookie setzen, um festzustellen, ob der Browser Cookies akzeptiert. Dieses Cookie enth\u00e4lt keine personenbezogenen Daten und wird verworfen. Nach der Anmeldung wird der Betreiber einige Cookies einrichten, um Anmeldeinformationen und Anzeigeoptionen zu speichern. Anmelde-Cookies verfallen nach zwei Tagen und Cookies f\u00fcr die Anzeigeoptionen nach einem Jahr. Falls bei der Anmeldung \u201eangemeldet bleiben\u201c ausw\u00e4hlt ist, wird die Anmeldung zwei Wochen lang aufrechterhalten. Mit der Abmeldung aus Ihrem Konto werden die Anmelde-Cookies gel\u00f6scht. Wenn ein Artikel bearbeitet oder ver\u00f6ffentlicht wird, ist ein zus\u00e4tzlicher Cookie gespeichert. Dieser Cookie enth\u00e4lt keine personenbezogenen Daten und verweist nur auf die Beitrags-ID des bearbeiteten Artikels. Der Cookie verf\u00e4llt nach einem Tag.<br \/>\nDiese Website kann Daten sammeln, Cookies benutzen, zus\u00e4tzliche Tracking-Dienste von Dritten einbetten und die Interaktion mit diesem eingebetteten Inhalt aufzeichnen, falls ein Konto besteht.<br \/>\nBei aktivierter Login-Prozedur wird ein Cookie ohne pers\u00f6nliche Daten gesetzt, das nach einer Stunde gel\u00f6scht wird. Der hier verwendete Dienst <a href=\"http:\/\/soundcloud.com\" target=\"_blank\" rel=\"noopener noreferrer\">http:\/\/soundcloud.com<\/a> verwendet ebenso Cookies.<br \/>\nDie Seite wird durch eine Firewall des Betreibers durch entsprechende Massnahmen der NinTechNet gesch\u00fctzt.<\/p>\n<p>Haftungsausschluss<br \/>\nDer Betreiber \u00fcbernimmt keine Gew\u00e4hr hinsichtlich der inhaltlichen Richtigkeit, Genauigkeit, Aktualit\u00e4t, Zuverl\u00e4ssigkeit und Vollst\u00e4ndigkeit der Informationen.<br \/>\nHaftungsanspr\u00fcche gegen den Betreiber wegen Sch\u00e4den materieller oder immaterieller Art, welche aus dem Zugriff oder der Nutzung bzw. Nichtnutzung der ver\u00f6ffentlichten Informationen, durch Missbrauch der Verbindung oder durch technische St\u00f6rungen entstanden sind, werden ausgeschlossen.<br \/>\nDer Besuch der Webseiten des Betreibers, die Ben\u00fctzung der dort enthaltenen Informationen sowie der Gebrauch von dort aufgef\u00fchrten Angeboten erfolgt auf Ihre Gefahr und Verantwortung.<br \/>\nAusgeschlossen wird die Haftung auch f\u00fcr entgangenen Gewinn, f\u00fcr Fehlleistungen des Internets aller Art (z.B. Betriebsunterbrechung, Funktionsst\u00f6rungen, Viren, sch\u00e4dliche Komponenten, hostile Handlungen usw.), Missbrauch durch Dritte (Einsehen von Daten, Kopien usw.) sowie Verlust von Programmen oder sonstigen Daten in Ihren Informationssystemen. Dies gilt auch dann, wenn auf diesen Webseiten des Betreibers gegebenenfalls auf die M\u00f6glichkeit solcher Sch\u00e4den hingewiesen wird.<\/p>\n<p>Haftung f\u00fcr Links<br \/>\nManche Links auf den Websites des Betreibers f\u00fchren zu Websites Dritter. Diese stehen nicht mehr unter seinem Einflussbereich.<br \/>\nF\u00fcr die Richtigkeit, Vollst\u00e4ndigkeit und Rechtm\u00e4ssigkeit der dort enthaltenen Inhalte und Verlinkung mit weiteren Websites sowie f\u00fcr allf\u00e4llige dort enthaltene Angebote, Produkte und Leistungen sowie Dienstleistungen \u00fcbernimmt der Betreiber deshalb keinerlei Verantwortung.<br \/>\nDies gilt auch dann, wenn diese Webseiten das Logo oder eine andere gesch\u00fctzte Bezeichnung enthalten. Der Zugriff und die Nutzung verlinkter Websites erfolgt auf eigene Gefahr des Nutzers.<\/p>\n<p>Anwendbares Recht und Gerichtsstand<br \/>\nF\u00fcr s\u00e4mtliche allf\u00e4llige Streitigkeiten zwischen dem Besucher oder der Benutzerin ihrerseits und zwischen ihnen und dem Betreiber, welche aus dem Betrieb bzw. Besuch der Webseiten herr\u00fchren, sind ausschliesslich die Gerichte in der N\u00e4he des Sitzes des Betreibers zust\u00e4ndig. Anwendbar ist ausschliesslich Schweizer Recht.<\/p>\n<p>Urheberrechte<br \/>\nDie Urheber- und alle anderen Rechte an Inhalten, Bildern, Fotos oder anderen Dateien auf der Website geh\u00f6ren ausschliesslich dem Betreiber, teilweise stehen sie unter dem Creative Commons-Recht. Einzelne Teile des Werks d\u00fcrfen auch ge\u00e4ndert, weiterverbreitet, pr\u00e4sentiert und aufgef\u00fchrt werden, jedoch ausschliesslich f\u00fcr nicht kommerzielle Zwecke und mit Nennung des Autors.<br \/>\nF\u00fcr alle eingetragenen <a href=\"https:\/\/prolitteris.ch\/fur-mitglieder\/verwaltung-und-verteilung-der-entschaedigungen\/\">schriftlichen<\/a>, <a href=\"https:\/\/sso.suisa.ch\/wdb\/phx\/process\/Portal\">musikalischen<\/a> und videotechnischen Werke des Betreibers &#8211; insbesondere Noten, Notenaufzeichnungen, Musikaufnahmen, Gedichtb\u00e4nde und einzelne Gedichte &#8211; besteht die Vereinbarung mit dem&nbsp;<a href=\"https:\/\/www.suisa.ch\/de\/startseite.html\">SUISA<\/a>&#8211; oder <a href=\"https:\/\/prolitteris.ch\/\">ProLitteris<\/a>-Vertrag. Der Betreiber, respektive der Urheber der Werke muss immer erw\u00e4hnt werden. F\u00fcr die Reproduktion jeglicher Elemente ist die Zustimmung der Urheberrechtstr\u00e4ger im Voraus bei der SUISA, der Prolitteris oder beim Betreiber direkt einzuholen.<\/p>\n<p>Werkquellen<br \/>\nFotos, Videos und Musik: B. Knab<\/p>\n<p>Letzte Aktualisierung: 2024<\/p>\n<p>na dann, los.<\/p>\n","protected":false},"excerpt":{"rendered":"excerpt","protected":false},"author":5,"featured_media":0,"parent":520,"menu_order":0,"comment_status":"closed","ping_status":"closed","template":"","meta":{"episode_type":"","audio_file":"","podmotor_file_id":"","podmotor_episode_id":"","cover_image":"","cover_image_id":"","duration":"","filesize":"","filesize_raw":"","date_recorded":"","explicit":"","block":"","footnotes":""},"class_list":["post-95","page","type-page","status-publish","hentry"],"_links":{"self":[{"href":"https:\/\/bernik.ch\/wordpress\/wp-json\/wp\/v2\/pages\/95","targetHints":{"allow":["GET"]}}],"collection":[{"href":"https:\/\/bernik.ch\/wordpress\/wp-json\/wp\/v2\/pages"}],"about":[{"href":"https:\/\/bernik.ch\/wordpress\/wp-json\/wp\/v2\/types\/page"}],"author":[{"embeddable":true,"href":"https:\/\/bernik.ch\/wordpress\/wp-json\/wp\/v2\/users\/5"}],"replies":[{"embeddable":true,"href":"https:\/\/bernik.ch\/wordpress\/wp-json\/wp\/v2\/comments?post=95"}],"version-history":[{"count":3,"href":"https:\/\/bernik.ch\/wordpress\/wp-json\/wp\/v2\/pages\/95\/revisions"}],"predecessor-version":[{"id":29114,"href":"https:\/\/bernik.ch\/wordpress\/wp-json\/wp\/v2\/pages\/95\/revisions\/29114"}],"up":[{"embeddable":true,"href":"https:\/\/bernik.ch\/wordpress\/wp-json\/wp\/v2\/pages\/520"}],"wp:attachment":[{"href":"https:\/\/bernik.ch\/wordpress\/wp-json\/wp\/v2\/media?parent=95"}],"curies":[{"name":"wp","href":"https:\/\/api.w.org\/{rel}","templated":true}]}}