{"id":2667,"date":"2015-01-11T15:56:12","date_gmt":"2015-01-11T14:56:12","guid":{"rendered":"http:\/\/www.bernik.ch\/wordpress\/?page_id=2667"},"modified":"2024-02-14T09:41:14","modified_gmt":"2024-02-14T08:41:14","slug":"projekte","status":"publish","type":"page","link":"https:\/\/bernik.ch\/wordpress\/projekte\/","title":{"rendered":"PROjEKTE"},"content":{"rendered":"<p>Projekte_Ideen_probieren_<\/p>\n<p>W\u00e4hrend des Schreibens bringe ich den Text dazu sich auszudehnen &#8211; im Stillen, im Raum, am Holztisch, auf dem Arbeitsstuhl oder beim Gehen. Im Atelier entstehen die Gedichte auf dem ersten leeren Blatt; errungen, erk\u00e4mpft oder federleicht notiert &#8211; auf dem Papier fixiert. Dann setzt die Bearbeitung ein: der Prozess des Beif\u00fcgens, Wegnehmens, Dazugebens und Ver\u00e4nderns der kurzen Ursprungstexte. So entstehen nach und nach l\u00e4ngere Textgedichte: Sie kl\u00e4ren, verkl\u00e4ren, skulpturieren, verweben sich mit den vorangehenden Gedichten und Textgedichten. Frei improvisiert nimmt die Musik den Text auf und schafft ein Publikumserlebnis.<\/p>\n<hr \/>\n<p><a href=\"https:\/\/soundcloud.com\/bernhard_knab\" target=\"_blank\" rel=\"noopener\">soundcloud_reinh\u00f6ren_entdecken<\/a><\/p>\n<hr \/>\n<video id=\"video_2052865547\" class=\"video-js vjs-default-skin\" width=\"540\" height=\"540\"  controls preload=\"auto\" data-setup=\"{}\"><source src=\"https:\/\/bernik.ch\/wordpress\/wp-content\/uploads\/2015\/01\/stuecke_zeichnen_1.mp4\" type='video\/mp4' \/><\/video><script>var video_2052865547 = _V_(\"video_2052865547\");<\/script>\n<p>Projektstudie zu &#8222;St\u00fccke zeichnen&#8220;, Piano und Grafitstifte auf Leinwand simultan<\/p>\n<hr \/>\n<p><strong>Das Cello spielend verlieren<\/strong><br \/>\nAusgew\u00e4hlte Gedichte aus dem gleichnamigen Gedichtband liegen vertont vor. Ein Projekt mit einem Cellisten oder einer Cellistin soll folgen.<br \/>\n<div id=\"mp3jWrap_0\" class=\"mjp-s-wrapper s-graphic unsel-mjp \" style=\"font-size:14px;\"><span id=\"playpause_wrap_mp3j_0\" class=\"wrap_inline_mp3j\" style=\"font-weight:700;\"><span class=\"gfxbutton_mp3j play-mjp\" id=\"playpause_mp3j_0\" style=\"font-size:14px;\">&nbsp;&nbsp;&nbsp;&nbsp;&nbsp;<\/span>&nbsp;<span class=\"group_wrap\"><span class=\"bars_mp3j\"><span class=\"loadB_mp3j\" id=\"load_mp3j_0\"><\/span><span class=\"posbarB_mp3j\" id=\"posbar_mp3j_0\"><\/span><\/span><span class=\"T_mp3j\" id=\"T_mp3j_0\" style=\"font-size:14px;\">Das Cello spielend verlieren<\/span><span class=\"indi_mp3j\" style=\"font-size:9.8px;\" id=\"statusMI_0\"><\/span><\/span><span class=\"vol_mp3j flipped\" id=\"vol_mp3j_0\"><\/span><\/span><\/div><span class=\"s-nosolution\" id=\"mp3j_nosolution_0\" style=\"display:none;\"><\/span><script>\nMP3jPLAYLISTS.inline_0 = [\n\t{ name: \"Celloverlieren\", formats: [\"mp3\"], mp3: \"aHR0cHM6Ly93d3cuYmVybmlrLmNoL3dvcmRwcmVzcy93cC1jb250ZW50L3VwbG9hZHMvMjAxMy8wNC9DZWxsb3ZlcmxpZXJlbi5tcDM=\", counterpart:\"\", artist: \"\", image: \"\", imgurl: \"\" }\n];\n<\/script>\n\n<script>MP3jPLAYERS[0] = { list: MP3jPLAYLISTS.inline_0, tr:0, type:'single', lstate:'', loop:false, play_txt:'&nbsp;&nbsp;&nbsp;&nbsp;&nbsp;', pause_txt:'&nbsp;&nbsp;&nbsp;&nbsp;&nbsp;', pp_title:'', autoplay:false, download:false, vol:70, height:'' };<\/script><\/p>\n","protected":false},"excerpt":{"rendered":"excerpt","protected":false},"author":5,"featured_media":0,"parent":0,"menu_order":0,"comment_status":"open","ping_status":"closed","template":"","meta":{"episode_type":"","audio_file":"","podmotor_file_id":"","podmotor_episode_id":"","cover_image":"","cover_image_id":"","duration":"","filesize":"","filesize_raw":"","date_recorded":"","explicit":"","block":"","footnotes":""},"class_list":["post-2667","page","type-page","status-publish","hentry"],"_links":{"self":[{"href":"https:\/\/bernik.ch\/wordpress\/wp-json\/wp\/v2\/pages\/2667","targetHints":{"allow":["GET"]}}],"collection":[{"href":"https:\/\/bernik.ch\/wordpress\/wp-json\/wp\/v2\/pages"}],"about":[{"href":"https:\/\/bernik.ch\/wordpress\/wp-json\/wp\/v2\/types\/page"}],"author":[{"embeddable":true,"href":"https:\/\/bernik.ch\/wordpress\/wp-json\/wp\/v2\/users\/5"}],"replies":[{"embeddable":true,"href":"https:\/\/bernik.ch\/wordpress\/wp-json\/wp\/v2\/comments?post=2667"}],"version-history":[{"count":3,"href":"https:\/\/bernik.ch\/wordpress\/wp-json\/wp\/v2\/pages\/2667\/revisions"}],"predecessor-version":[{"id":29093,"href":"https:\/\/bernik.ch\/wordpress\/wp-json\/wp\/v2\/pages\/2667\/revisions\/29093"}],"wp:attachment":[{"href":"https:\/\/bernik.ch\/wordpress\/wp-json\/wp\/v2\/media?parent=2667"}],"curies":[{"name":"wp","href":"https:\/\/api.w.org\/{rel}","templated":true}]}}

<p>Projekte_Ideen_probieren_</p>
<p>Während des Schreibens bringe ich den Text dazu sich auszudehnen &#8211; im Stillen, im Raum, am Holztisch, auf dem Arbeitsstuhl oder beim Gehen. Im Atelier entstehen die Gedichte auf dem ersten leeren Blatt; errungen, erkämpft oder federleicht notiert &#8211; auf dem Papier fixiert. Dann setzt die Bearbeitung ein: der Prozess des Beifügens, Wegnehmens, Dazugebens und Veränderns der kurzen Ursprungstexte. So entstehen nach und nach längere Textgedichte: Sie klären, verklären, skulpturieren, verweben sich mit den vorangehenden Gedichten und Textgedichten. Frei improvisiert nimmt die Musik den Text auf und schafft ein Publikumserlebnis.</p>
<hr />
<p><a href="https://soundcloud.com/bernhard_knab" target="_blank" rel="noopener">soundcloud_reinhören_entdecken</a></p>
<hr />
<video id="video_2052865547" class="video-js vjs-default-skin" width="540" height="540"  controls preload="auto" data-setup="{}"><source src="https://bernik.ch/wordpress/wp-content/uploads/2015/01/stuecke_zeichnen_1.mp4" type='video/mp4' /></video><script>var video_2052865547 = _V_("video_2052865547");</script>
<p>Projektstudie zu &#8222;Stücke zeichnen&#8220;, Piano und Grafitstifte auf Leinwand simultan</p>
<hr />
<p><strong>Das Cello spielend verlieren</strong><br />
Ausgewählte Gedichte aus dem gleichnamigen Gedichtband liegen vertont vor. Ein Projekt mit einem Cellisten oder einer Cellistin soll folgen.<br />
<div id="mp3jWrap_0" class="mjp-s-wrapper s-graphic unsel-mjp " style="font-size:14px;"><span id="playpause_wrap_mp3j_0" class="wrap_inline_mp3j" style="font-weight:700;"><span class="gfxbutton_mp3j play-mjp" id="playpause_mp3j_0" style="font-size:14px;">&nbsp;&nbsp;&nbsp;&nbsp;&nbsp;</span>&nbsp;<span class="group_wrap"><span class="bars_mp3j"><span class="loadB_mp3j" id="load_mp3j_0"></span><span class="posbarB_mp3j" id="posbar_mp3j_0"></span></span><span class="T_mp3j" id="T_mp3j_0" style="font-size:14px;">Das Cello spielend verlieren</span><span class="indi_mp3j" style="font-size:9.8px;" id="statusMI_0"></span></span><span class="vol_mp3j flipped" id="vol_mp3j_0"></span></span></div><span class="s-nosolution" id="mp3j_nosolution_0" style="display:none;"></span><script>
MP3jPLAYLISTS.inline_0 = [
	{ name: "Celloverlieren", formats: ["mp3"], mp3: "aHR0cHM6Ly93d3cuYmVybmlrLmNoL3dvcmRwcmVzcy93cC1jb250ZW50L3VwbG9hZHMvMjAxMy8wNC9DZWxsb3ZlcmxpZXJlbi5tcDM=", counterpart:"", artist: "", image: "", imgurl: "" }
];
</script>

<script>MP3jPLAYERS[0] = { list: MP3jPLAYLISTS.inline_0, tr:0, type:'single', lstate:'', loop:false, play_txt:'&nbsp;&nbsp;&nbsp;&nbsp;&nbsp;', pause_txt:'&nbsp;&nbsp;&nbsp;&nbsp;&nbsp;', pp_title:'', autoplay:false, download:false, vol:70, height:'' };</script></p>
